it of 1005866?
5
What is the millions digit of 1063626?
1
What is the thousands digit of 309029?
9
What is the thousands digit of 5922000?
2
What is the hundred thousands digit of 421449?
4
What is the units digit of 126957?
7
What is the thousands digit of 750654?
0
What is the ten thousands digit of 593380?
9
What is the hundreds digit of 279344?
3
What is the tens digit of 2360468?
6
What is the hundreds digit of 18233797?
7
What is the millions digit of 17106453?
7
What is the thousands digit of 10235371?
5
What is the tens digit of 995631?
3
What is the ten thousands digit of 3123193?
2
What is the tens digit of 20171550?
5
What is the hundred thousands digit of 251715?
2
What is the ten thousands digit of 21368780?
6
What is the thousands digit of 42745?
2
What is the hundreds digit of 52787?
7
What is the ten thousands digit of 1176639?
7
What is the hundred thousands digit of 868626?
8
What is the tens digit of 660189?
8
What is the units digit of 1110355?
5
What is the tens digit of 1691576?
7
What is the hundred thousands digit of 1117113?
1
What is the millions digit of 3174539?
3
What is the ten thousands digit of 593076?
9
What is the ten thousands digit of 7962922?
6
What is the hundreds digit of 684411?
4
What is the ten thousands digit of 7498439?
9
What is the hundreds digit of 31946271?
2
What is the units digit of 4182467?
7
What is the hundred thousands digit of 248066?
2
What is the hundred thousands digit of 229624?
2
What is the hundreds digit of 928555?
5
What is the units digit of 31211867?
7
What is the units digit of 264804?
4
What is the units digit of 1374408?
8
What is the thousands digit of 51829?
1
What is the hundreds digit of 96203?
2
What is the ten thousands digit of 2190185?
9
What is the hundreds digit of 8242218?
2
What is the ten thousands digit of 45491?
4
What is the thousands digit of 5197517?
7
What is the hundred thousands digit of 2028012?
0
What is the hundred thousands digit of 278606?
2
What is the tens digit of 521132?
3
What is the ten thousands digit of 6123920?
2
What is the hundreds digit of 940774?
7
What is the tens digit of 8468550?
5
What is the units digit of 17005032?
2
What is the hundred thousands digit of 182016?
1
What is the units digit of 6631356?
6
What is the hundred thousands digit of 2852042?
8
What is the tens digit of 376464?
6
What is the tens digit of 157295?
9
What is the units digit of 998445?
5
What is the ten thousands digit of 4176493?
7
What is the hundreds digit of 2657?
6
What is the hundreds digit of 3269670?
6
What is the hundred thousands digit of 3596086?
5
What is the units digit of 169930?
0
What is the hundreds digit of 19738242?
2
What is the tens digit of 1839573?
7
What is the units digit of 2271122?
2
What is the hundreds digit of 4605979?
9
What is the millions digit of 14438128?
4
What is the hundred thousands digit of 15123345?
1
What is the ten thousands digit of 1801954?
0
What is the millions digit of 5959391?
5
What is the millions digit of 5388341?
5
What is the thousands digit of 4487286?
7
What is the ten thousands digit of 192406?
9
What is the tens digit of 6597982?
8
What is the tens digit of 19888776?
7
What is the units digit of 716902?
2
What is the hundreds digit of 13198116?
1
What is the ten thousands digit of 281733?
8
What is the millions digit of 2823211?
2
What is the units digit of 527112?
2
What is the units digit of 7010?
0
What is the hundred thousands digit of 623945?
6
What is the ten thousands digit of 11985328?
8
What is the tens digit of 1982851?
5
What is the millions digit of 12386626?
2
What is the ten thousands digit of 1157181?
5
What is the hundred thousands digit of 141584?
1
What is the ten thousands digit of 3519381?
1
What is the hundred thousands digit of 1586801?
5
What is the thousands digit of 302449?
2
What is the units digit of 606824?
4
What is the ten thousands digit of 37604?
3
What is the ten thousands digit of 78903?
7
What is the hundreds digit of 11709027?
0
What is the thousands digit of 1311172?
1
What is the hundred thousands digit of 1143343?
1
What is the hundred thousands digit of 732071?
7
What is the hundred thousands digit of 532914?
5
What is the hundreds digit of 8918182?
1
What is the hundreds digit of 845326?
3
What is the tens digit of 1194024?
2
What is the thousands digit of 180217?
0
What is the units digit of 8078?
8
What is the thousands digit of 1196473?
6
What is the hundreds digit of 386476?
4
What is the millions digit of 9227526?
9
What is the hundred thousands digit of 6799469?
7
What is the units digit of 113277?
7
What is the thousands digit of 201978?
1
What is the ten thousands digit of 341547?
4
What is the hundred thousands digit of 5698312?
6
What is the ten millions digit of 10958678?
1
What is the millions digit of 1167720?
1
What is the ten thousands digit of 3943915?
4
What is the tens digit of 3799302?
0
What is the tens digit of 386655?
5
What is the thousands digit of 1203732?
3
What is the tens digit of 4745079?
7
What is the thousands digit of 2401145?
1
What is the ten thousands digit of 221640?
2
What is the ten thousands digit of 238284?
3
What is the tens digit of 337407?
0
What is the hundred thousands digit of 403565?
4
What is the units digit of 3742097?
7
What is the units digit of 985490?
0
What is the hundred thousands digit of 120354?
1
What is the units digit of 690642?
2
What is the tens digit of 3832899?
9
What is the units digit of 752182?
2
What is the millions digit of 9594749?
9
What is the thousands digit of 41898?
1
What is the hundred thousands digit of 438000?
4
What is the units digit of 10716526?
6
What is the tens digit of 408913?
1
What is the ten millions digit of 34378831?
3
What is the hundred thousands digit of 2759693?
7
What is the hundreds digit of 548415?
4
What is the tens digit of 495462?
6
What is the thousands digit of 2058615?
8
What is the hundreds digit of 9003?
0
What is the hundred thousands digit of 1430136?
4
What is the tens digit of 320537?
3
What is the thousands digit of 151584?
1
What is the ten thousands digit of 1522325?
2
What is the hundred thousands digit of 247104?
2
What is the ten thousands digit of 761628?
6
What is the tens digit of 689822?
2
What is the tens digit of 663289?
8
What is the tens digit of 238791?
9
What is the units digit of 19126?
6
What is the units digit of 88345?
5
What is the tens digit of 577161?
6
What is the ten thousands digit of 656947?
5
What is the tens digit of 1521984?
8
What is the tens digit of 18506?
0
What is the ten millions digit of 14161093?
1
What is the tens digit of 281908?
0
What is the hundred thousands digit of 1082310?
0
What is the ten thousands digit of 16694754?
9
What is the hundreds digit of 7043103?
1
What is the tens digit of 3103962?
6
What is the hundred thousands digit of 411806?
4
What is the hundreds digit of 462667?
6
What is the hundreds digit of 315013?
0
What is the tens digit of 475625?
2
What is the thousands digit of 167612?
7
What is the units digit of 21552410?
0
What is the units digit of 175504?
4
What is the hundreds digit of 6757499?
4
What is the hundreds digit of 443016?
0
What is the tens digit of 52971?
7
What is the tens digit of 21003823?
2
What is the units digit of 1737967?
7
What is the units digit of 14356379?
9
What is the tens digit of 6216578?
7
What is the tens digit of 659835?
3
What is the hundred thousands digit of 631984?
6
What is the tens digit of 335639?
3
What is the thousands digit of 3385359?
5
What is the hundreds digit of 881582?
5
What is the units digit of 73753?
3
What is the millions digit of 14973029?
4
What is the tens digit of 2194176?
7
What is the tens digit of 162681?
8
What is the hundred thousands digit of 882413?
8
What is the hundred thousands digit of 2542284?
5
What is the hundreds digit of 1453218?
2
What is the ten thousands digit of 54308?
5
What is the units digit of 16543185?
5
What is the units digit of 93568?
8
What is the thousands digit of 9091869?
1
What is the millions digit of 2780774?
2
What is the tens digit of 1145352?
5
What is the hundreds digit of 53865?
8
What is the tens digit of 3282270?
7
What is the thousands digit of 141468?
1
What is the tens digit of 1439676?
7